8)/(-10). Is 139592/28 - 1*(-3)/u composite?
True
Let n(y) = 358*y**2 + 640*y + 5. Is n(12) prime?
False
Let q be -1*(-977 - (6 - 6)). Is q*((-4)/(-16) + (-9)/(-12)) a composite number?
False
Let r(w) be the first derivative of 63*w**4/2 - w**3/6 - 11*w + 24. Let t(u) be the first derivative of r(u). Is t(-1) a prime number?
True
Let s be (-200)/250 - (-2212)/(-10). Is (-3 - -5) + -9 - s a prime number?
False
Suppose -21*n = 127932 - 487405 - 631496. Is n a prime number?
True
Let j(v) = 8*v - 29. Let n(b) = -b + 1. Let s(l) = -j(l) - 5*n(l). Let d be s(7). Suppose -d*y + 4*g + 267 - 66 = 0, -g + 3 = 0. Is y a composite number?
False
Suppose -13*m - 17*m + 4285290 = 0. Suppose -m = -10*d + 69967. Is d composite?
True
Suppose 0*j - 3*j + 355 = 5*a, 0 = -2*a + 4. Suppose -j + 45 = -7*s. Suppose -5*q = -s - 1155. Is q a composite number?
False
Let l(m) = -22*m - 9. Let t(s) = -s**3 + 2*s**2 + 3. Let q be t(0). Let r be q/(7 + -6)*10/(-3). Is l(r) a prime number?
True
Let m(j) = 162 + 4*j**2 - 2*j - 2*j**2 - 164 - j**2. Let r be m(0). Is r/4 + 7236/24 a composite number?
True
Let s(z) = 64*z**2 - 169*z - 111. Is s(-28) a prime number?
False
Suppose -21*k = -7*k - 20749722. Is k a prime number?
False
Let d = 25157 + -3148. Is d a prime number?
False
Suppose 3*w + 5*v = -w + 3586, 5*w = -2*v + 4474. Suppose -4*f = 2*f - w. Suppose -f = -7*h + 404. Is h a composite number?
False
Let z(w) = -w**3 + 2*w**2 + 8*w - 3. Let v be z(4). Let o(m) = 289*m**2 + 2*m + 4. Is o(v) a composite number?
True
Let h(j) = 17 + 13*j**2 - 11*j**2 - 12. Let z be h(0). Suppose 3*l + 3*n = 822, -z*n - 153 = -2*l + 360. Is l a prime number?
True
Let n = 129 + -137. Is 2828/((-2)/(-2)) - (n + 3) composite?
False
Suppose -o - k = -2*o + 1, -k = -4*o - 8. Let l be 1 - (41 - 2)/o. Suppose -3079 = -l*f + 13*f. Is f prime?
True
Let j be 1/(8/18) + 18/24. Is (478/j)/((-58)/(-87)) a composite number?
False
Let y be 70/21 + 2/(-6). Let g be -3 + (-3)/y + 1 - -6. Suppose -2*u - 4*z + 1414 = 0, 2 = z - g. Is u a composite number?
True
Let h(p) = -3*p**2 - 28*p - 57. Let r be h(-6). Suppose 2*j = r*x + 4187, j - 2081 = 2*x + 2*x. Is j composite?
True
Let x(c) be the third derivative of c**6/120 + c**5/10 + c**4/4 + 5*c**3/2 + 6*c**2. Let i be x(-5). Is (i/(-15))/(1 - (-3119)/(-3117)) a composite number?
False
Is (2 - (-6 - -3)) + (-1944700)/(-6)*3 prime?
False
Let y(k) = -152*k + 53. Let u(z) = -154*z + 53. Let l = 45 + -49. Let o(p) = l*y(p) + 3*u(p). Is o(11) prime?
True
Is 284806*(-2 + (-8)/(-6))/(56/(-42)) a composite number?
False
Suppose 0 = 5*n + 25 + 575. Let u = n + 135. Is -1*u/3 - -8526 a prime number?
True
Let b = -531 - -306. Let q = -797 + b. Let p = 1515 + q. Is p a composite number?
True
Suppose 0 = -7*z + 37 - 16. Let w be 1 - 5/z - (-37)/(-3). Let n(t) = 14*t**2 + 22*t - 17. Is n(w) a prime number?
True
Let p(t) = t**3 - 35*t**2 - 44*t - 413. Is p(48) composite?
False
Let y = 4 - 9187. Let m = -4672 - y. Is m prime?
False
Let g be (2 - (-1446)/4)*-2. Let z = 1974 - 606. Let j = g + z. Is j composite?
False
Let f be 2 + 670*4*(-5)/(-4). Suppose 5*y - f - 15243 = 0. Is y a prime number?
True
Suppose 497*p + 539483 = 504*p. Is p prime?
True
Let b(m) = 766*m**2 + 6*m - 7. Suppose -28 = -r - 5*y, 0 = r + 2*r + 2*y - 19. Is b(r) a composite number?
True
Suppose 0 = -3*j + f + 10, -2*j + 2*f + 2*f + 10 = 0. Suppose 0 = -j*h + v + 26998, -4*h - 5*v = -6*v - 35997. Is h a prime number?
True
Let a(q) = -63*q + 1. Let m be a(-2). Let z = -1550 + m. Let b = -732 - z. Is b prime?
True
Suppose -73643 = 6*z + 82585. Let x = -18369 - z. Is x a composite number?
False
Suppose -17*f + 521613 = -2*x - 524104, 3*f = -4*x + 184547. Is f prime?
False
Let g(y) = 3*y - 54. Let o be g(20). Let v be 32/48*o/4. Is 1*(-2 - -1) + v + 631 a composite number?
False
Let y(n) = n**3 + 2*n**2 - 4*n - 7. Let a be y(-2). Let f be a*20344 + (8 - (-3 + 7)). Suppose 2*l - 6*l = -f. Is l composite?
False
Let b = -377 + 369. Let a(s) = 11*s**2 + 12*s + 15. Is a(b) composite?
True
Suppose -319*r + 310*r + 4141116 = 0. Is r/36 - (3 + (-100)/36) prime?
True
Suppose 0 = 2*w - 44063 - 1049951. Is w a composite number?
False
Suppose -3*j - 2*t = 16637, -2*t = -j + 3*t - 5557. Let s = j - -15584. Is s a composite number?
False
Suppose 0 = -4*h - 3*r - 57, h + 3*r = 5*h + 63. Suppose -y = 63181 - 422181. Is 1/(-3) + (y/h)/(-10) a composite number?
False
Suppose -6*o = -10*o + d - 935, -3*o - 4*d - 706 = 0. Let b = 1277 - o. Is b prime?
True
Let q = -34 + 37. Suppose 0 = 5*j - q*i - 140, -j + 5*j = 4*i + 112. Let l = 75 + j. Is l a composite number?
False
Let t = -3325 - -2210. Let l be (-2329)/4 - 1/(-4). Let b = l - t. Is b a prime number?
False
Suppose -9*z - 2*z + 8701686 = 7*z. Is z a composite number?
True
Suppose -502947 = -5*s - 2*k, -4*k - 4 - 12 = 0. Is s a prime number?
True
Let v = 89 - 101. Let u be 4*2/v*(-2 + -4). Is (-6)/u + 1678/4 - -1 prime?
True
Let h(r) = -196*r - 25. Let b(g) = 589*g + 75. Let j(k) = 6*b(k) + 21*h(k). Is j(-9) prime?
False
Suppose -1052*j = -5*u - 1048*j + 2242473, 5*u - 2242417 = -4*j. Is u composite?
True
Let g = -44 - -44. Suppose 18*z + 5719 - 19597 = g. Is z a composite number?
True
Let z(r) be the third derivative of 3*r**5/4 - r**4/3 + 65*r**3/6 - 43*r**2. Is z(6) a composite number?
False
Let v(n) = n**3 + 32*n**2 + 21*n + 22. Let j be v(-21). Let c = 6267 - j. Is c composite?
True
Suppose 902*j - 929*j = -4315653. Is j prime?
True
Let b(x) = x**3 + 3*x**2 - x - 4. Let a be b(-2). Suppose 5*j + 2*d = 170, -3*j + 86 = -0*d - a*d. Let u = 14 + j. Is u a prime number?
False
Let z be (4 + -2)*37 + -2 + 6. Suppose -x = 2*g - 79, -2*x = -2*g - 4*x + z. Suppose -o + 2019 = w, 2053 = o - 2*w + g. Is o a composite number?
False
Let b = -46 + 48. Let v be -1623*(b + 4 + -5). Is v/(-6)*(2 + 0) composite?
False
Let h(z) = -3*z**2 - 27*z + 35. Let p be h(-10). Suppose p*i - 34948 = 3*a, -4*i + 7*a - 3*a = -27960. Is i composite?
True
Suppose 1050441 - 3741327 = -33*m. Is m a prime number?
False
Suppose 4*b - 17 = 43. Let h = 19 - b. Suppose -4254 = -4*i - 2*z, -3*i - 1081 = -4*i - h*z. Is i a prime number?
True
Suppose -24 = 13*x + 28. Let r be -4*(x + 4 + 1). Is ((-20)/r)/(2/4) a composite number?
True
Let x(f) = -f**2 + 16*f - 6. Let b be 2 - ((-6)/(-4))/((-15)/140). Let l be x(b). Is (185*3/l)/((-1)/2) a prime number?
False
Let v = -528 - 1200. Let t = v - 364. Let q = -843 - t. Is q a composite number?
False
Let h(d) = -46*d - 2. Let s be h(-21). Let n = s - 51. Suppose -12*a + 10765 = n. Is a prime?
True
Let r be (-54)/(-36)*(-2)/(-1) - -1. Suppose 6*x + 19893 = 5*v + r*x, 12 = -3*x. Is v a prime number?
False
Suppose -34*c - 381588 = -46*c. Is c a prime number?
True
Suppose 9*x + 78*x = 7530981. Is x composite?
True
Is (-28389 - (-5 - -3))*122/(-122) a prime number?
True
Let j = -77881 - -116226. Is j a composite number?
True
Let a = 808158 - 528589. Is a prime?
False
Suppose l = 9 - 4. Let v(z) = -3*z + 14. Let m be v(l). Is ((-12)/4 + m)*(-1901)/4 a composite number?
False
Suppose 4*o = -25*o + 1160. Is 10567 + (o/(-8) - 3) composite?
False
Let x be (0 + -3)*2/(-2) + -5. Let u be (5/1)/1 + 2/x. Is ((-6)/u)/(9/(-4458)) a composite number?
False
Suppose 0 = -4*s + 3*p - 2*p - 109224, -5*s = -4*p + 136519. Let c = -15097 - s. Let w = -5689 + c. Is w a prime number?
True
Let s be 2/(-16) + 390/48. Suppose r + m = 10699, 0 = -s*m + 13*m - 25. Is r a prime number?
False
Suppose 20 = 4*f + f. Suppose -2*z - 10 = r, -r - 2*z = f*r + 10. Suppose r = q - 0*q + 5*l - 631, -3*l = -5*q + 3155. Is q prime?
True
Let t = -5445 - -10012. Is t a prime number?
True
Let v = -131 - -129. Let i(j) = -6*j**2 - 4*j + 3. Let q be i(2). Is (q + 28)/(v/3086) a composite number?
False
Let t(h) = -647*h - 9. Let r be t(-2). Suppose r = -9*p - 551. Let d = -17 - p. Is d a composite number?
True
Let f = 51307 - 20148. Is f a composite number?
False
Is 1251172/7 - (108/189)/(-4) a prime number?
False
Suppose 0 = -5*t + 4*z + 3963, -1343*z = -2*t - 1342*z + 1581. Is t a composite number?
False
Let o(u) = 199*u - 33. Let z be (-4)/(-6) + 223/3. Suppose -7 = b + 5*w, 3*b - 5*w = -16 + z. Is o(b) a composite number?
True
Is (1 + 0)*1374403/152*8 composite?
False
Let s be (241 - -1)/1 + (-19)/19. Let q(l) = -s